{"id":1180,"date":"2025-10-16T15:20:07","date_gmt":"2025-10-16T13:20:07","guid":{"rendered":"https:\/\/www.terre-art-argile.org\/?page_id=1180"},"modified":"2026-01-08T14:35:38","modified_gmt":"2026-01-08T13:35:38","slug":"email-cuissons","status":"publish","type":"page","link":"https:\/\/www.terre-art-argile.org\/index.php\/email-cuissons\/","title":{"rendered":"\u00c9mail &amp; cuissons"},"content":{"rendered":"\n<div class=\"wp-block-group alignfull has-base-background-color has-background is-layout-flow wp-block-group-is-layout-flow\" style=\"margin-top:0;margin-bottom:0;padding-top:var(--wp--preset--spacing--20);padding-right:var(--wp--preset--spacing--50);padding-bottom:var(--wp--preset--spacing--20);padding-left:var(--wp--preset--spacing--50)\">\n<h2 class=\"wp-block-heading has-text-align-left is-style-asterisk\">Cuissons raku \u00ab\u00a0ext\u00e9rieurs\u00a0\u00bb<\/h2>\n\n\n\n<div style=\"height:48px\" aria-hidden=\"true\" class=\"wp-block-spacer\"><\/div>\n\n\n\n<div class=\"wp-block-columns alignwide is-layout-flex wp-container-core-columns-is-layout-549b0c86 wp-block-columns-is-layout-flex\">\n<div class=\"wp-block-column has-global-padding is-content-justification-right is-layout-constrained wp-container-core-column-is-layout-7bd3503d wp-block-column-is-layout-constrained\" style=\"flex-basis:40%\">\n<figure class=\"wp-block-image size-large wp-duotone-unset-1\" style=\"margin-top:0;margin-bottom:0\"><img loading=\"lazy\" decoding=\"async\" width=\"1024\" height=\"768\" src=\"https:\/\/www.terre-art-argile.org\/wp-content\/uploads\/2025\/01\/IMG-20250114-WA0016-1024x768.jpg\" alt=\"\" class=\"wp-image-334\" srcset=\"https:\/\/www.terre-art-argile.org\/wp-content\/uploads\/2025\/01\/IMG-20250114-WA0016-1024x768.jpg 1024w, https:\/\/www.terre-art-argile.org\/wp-content\/uploads\/2025\/01\/IMG-20250114-WA0016-300x225.jpg 300w, https:\/\/www.terre-art-argile.org\/wp-content\/uploads\/2025\/01\/IMG-20250114-WA0016-768x576.jpg 768w, https:\/\/www.terre-art-argile.org\/wp-content\/uploads\/2025\/01\/IMG-20250114-WA0016-1536x1152.jpg 1536w, https:\/\/www.terre-art-argile.org\/wp-content\/uploads\/2025\/01\/IMG-20250114-WA0016.jpg 1600w\" sizes=\"auto, (max-width: 1024px) 100vw, 1024px\" \/><\/figure>\n\n\n\n<p class=\"has-text-align-center has-small-font-size\">Adh\u00e9sion r\u00e9sidents Gradignanais : 25\u20ac<br>Adh\u00e9sion r\u00e9sidents ext\u00e9rieurs : 35\u20ac<\/p>\n\n\n\n<div class=\"wp-block-buttons is-content-justification-center is-layout-flex wp-container-core-buttons-is-layout-a89b3969 wp-block-buttons-is-layout-flex\">\n<div class=\"wp-block-button\"><a class=\"wp-block-button__link has-text-align-center wp-element-button\" href=\"https:\/\/www.helloasso.com\/associations\/terre-d-art-et-d-argile\/evenements\/cuisson-libre-raku-adhesion-2025-26-1\" target=\"_blank\" rel=\"noreferrer noopener\">Adhesion 2025-2026<\/a><\/div>\n\n\n\n<div class=\"wp-block-button\"><a class=\"wp-block-button__link has-text-align-center wp-element-button\" href=\"https:\/\/www.helloasso.com\/associations\/terre-d-art-et-d-argile\/evenements\/cuisson-raku-prix-libre-2025-26\" target=\"_blank\" rel=\"noreferrer noopener\">Cuisson personnalis\u00e9e<\/a><\/div>\n<\/div>\n<\/div>\n\n\n\n<div class=\"wp-block-column is-layout-flow wp-container-core-column-is-layout-f5bb311e wp-block-column-is-layout-flow\" style=\"flex-basis:60%\">\n<p><strong>Le lundi de 10h \u00e0 12h<\/strong>, l&rsquo;association vous offre la possibilit\u00e9 d&rsquo;une cuisson Raku de vos cr\u00e9ations&nbsp; personnelles ext\u00e9rieures aux ateliers.<\/p>\n\n\n\n<h3 class=\"wp-block-heading is-style-default\">Tarifs des cuissons :<\/h3>\n\n\n\n<ul style=\"line-height:1.75\" class=\"wp-block-list is-style-checkmark-list\">\n<li>Jusqu&rsquo;\u00e0 200g : 21\u20ac le kg<\/li>\n\n\n\n<li>Entre 200g et 8kg : 18\u20ac le kg<\/li>\n\n\n\n<li>A partir de 8kg : 25\u20ac le kg<\/li>\n\n\n\n<li>&#8211; 5\u20ac le kilo si le biscuit est fait<br>(seuil de poids pour une pi\u00e8ce de 10kg )<\/li>\n<\/ul>\n\n\n\n<h4 class=\"wp-block-heading is-style-asterisk has-medium-font-size\">Pour toute information, contactez-nous<br>par mail&nbsp;<a href=\"mailto:contact@terre-art-argile.org\">contact@terre-art-argile.org<\/a> ou par t\u00e9l\u00e9phone au&nbsp; 06 74 87 70 94.<\/h4>\n<\/div>\n<\/div>\n<\/div>\n\n\n\n<div class=\"wp-block-group alignfull has-base-background-color has-background is-layout-flow wp-block-group-is-layout-flow\" style=\"margin-top:0;margin-bottom:0;padding-top:var(--wp--preset--spacing--20);padding-right:var(--wp--preset--spacing--50);padding-bottom:var(--wp--preset--spacing--20);padding-left:var(--wp--preset--spacing--50)\">\n<h2 class=\"wp-block-heading has-text-align-left is-style-asterisk\">Service \u00e9maillage<\/h2>\n\n\n\n<div class=\"wp-block-columns alignwide is-layout-flex wp-container-core-columns-is-layout-549b0c86 wp-block-columns-is-layout-flex\">\n<div class=\"wp-block-column has-global-padding is-content-justification-right is-layout-constrained wp-container-core-column-is-layout-7bd3503d wp-block-column-is-layout-constrained\" style=\"flex-basis:40%\">\n<figure class=\"wp-block-image size-full wp-duotone-unset-2\"><img loading=\"lazy\" decoding=\"async\" width=\"1600\" height=\"1200\" src=\"https:\/\/www.terre-art-argile.org\/wp-content\/uploads\/2026\/01\/tessons.jpeg\" alt=\"\" class=\"wp-image-1318\" srcset=\"https:\/\/www.terre-art-argile.org\/wp-content\/uploads\/2026\/01\/tessons.jpeg 1600w, https:\/\/www.terre-art-argile.org\/wp-content\/uploads\/2026\/01\/tessons-300x225.jpeg 300w, https:\/\/www.terre-art-argile.org\/wp-content\/uploads\/2026\/01\/tessons-1024x768.jpeg 1024w, https:\/\/www.terre-art-argile.org\/wp-content\/uploads\/2026\/01\/tessons-768x576.jpeg 768w, https:\/\/www.terre-art-argile.org\/wp-content\/uploads\/2026\/01\/tessons-1536x1152.jpeg 1536w\" sizes=\"auto, (max-width: 1600px) 100vw, 1600px\" \/><\/figure>\n\n\n\n<div class=\"wp-block-buttons is-content-justification-center is-layout-flex wp-container-core-buttons-is-layout-a89b3969 wp-block-buttons-is-layout-flex\">\n<div class=\"wp-block-button\"><a class=\"wp-block-button__link has-text-align-center wp-element-button\" href=\"https:\/\/www.helloasso.com\/associations\/terre-d-art-et-d-argile\/evenements\/service-emaillage-a-10-pieces-de-stages\" target=\"_blank\" rel=\"noreferrer noopener\">Service \u00e9maillage<\/a><\/div>\n<\/div>\n<\/div>\n\n\n\n<div class=\"wp-block-column is-layout-flow wp-container-core-column-is-layout-f5bb311e wp-block-column-is-layout-flow\" style=\"flex-basis:60%\">\n<p><strong>Attention : service propos\u00e9 uniquement pour les pi\u00e8ces fa\u00e7onn\u00e9es lors des initiations et stages, modelage et tournage, au sein de notre association. <\/strong><br>Notre intervenante se chargera d\u2019\u00e9mailler et cuire vos pi\u00e8ces afin de leur offrir \u00e9tanch\u00e9it\u00e9 et solidit\u00e9. <br>Vous pourrez r\u00e9cup\u00e9rer vos pi\u00e8ces sous 1 mois maximum selon le calendrier de cuissons<\/p>\n\n\n\n<h3 class=\"wp-block-heading is-style-default\">Tarifs des cuissons :<\/h3>\n\n\n\n<ul style=\"line-height:1.75\" class=\"wp-block-list is-style-checkmark-list\">\n<li>\u00c9maillage transparent et cuisson haute temp\u00e9rature par nos soins, pour l\u2019ensemble des pi\u00e8ces r\u00e9alis\u00e9es lors d\u2019une activit\u00e9 initiation ou stage. : 10\u20ac l\u2019ensemble des pi\u00e8ces<\/li>\n<\/ul>\n<\/div>\n<\/div>\n<\/div>\n\n\n\n<p><\/p>\n","protected":false},"excerpt":{"rendered":"<p>Cuissons raku \u00ab\u00a0ext\u00e9rieurs\u00a0\u00bb Adh\u00e9sion r\u00e9sidents Gradignanais : 25\u20acAdh\u00e9sion r\u00e9sidents ext\u00e9rieurs : 35\u20ac Le lundi de 10h \u00e0 12h, l&rsquo;association vous offre la possibilit\u00e9 d&rsquo;une cuisson Raku de vos cr\u00e9ations&nbsp; personnelles ext\u00e9rieures aux ateliers. Tarifs des cuissons : Pour toute information, contactez-nouspar mail&nbsp;contact@terre-art-argile.org ou par t\u00e9l\u00e9phone au&nbsp; 06 74 87 70 94. Service \u00e9maillage Attention : [&hellip;]<\/p>\n","protected":false},"author":1,"featured_media":0,"parent":0,"menu_order":0,"comment_status":"closed","ping_status":"closed","template":"","meta":{"footnotes":""},"class_list":["post-1180","page","type-page","status-publish","hentry"],"_links":{"self":[{"href":"https:\/\/www.terre-art-argile.org\/index.php\/wp-json\/wp\/v2\/pages\/1180","targetHints":{"allow":["GET"]}}],"collection":[{"href":"https:\/\/www.terre-art-argile.org\/index.php\/wp-json\/wp\/v2\/pages"}],"about":[{"href":"https:\/\/www.terre-art-argile.org\/index.php\/wp-json\/wp\/v2\/types\/page"}],"author":[{"embeddable":true,"href":"https:\/\/www.terre-art-argile.org\/index.php\/wp-json\/wp\/v2\/users\/1"}],"replies":[{"embeddable":true,"href":"https:\/\/www.terre-art-argile.org\/index.php\/wp-json\/wp\/v2\/comments?post=1180"}],"version-history":[{"count":9,"href":"https:\/\/www.terre-art-argile.org\/index.php\/wp-json\/wp\/v2\/pages\/1180\/revisions"}],"predecessor-version":[{"id":1319,"href":"https:\/\/www.terre-art-argile.org\/index.php\/wp-json\/wp\/v2\/pages\/1180\/revisions\/1319"}],"wp:attachment":[{"href":"https:\/\/www.terre-art-argile.org\/index.php\/wp-json\/wp\/v2\/media?parent=1180"}],"curies":[{"name":"wp","href":"https:\/\/api.w.org\/{rel}","templated":true}]}}

Émail &amp; cuissons

<div class="wp-block-group alignfull has-base-background-color has-background is-layout-flow wp-block-group-is-layout-flow" style="margin-top:0;margin-bottom:0;padding-top:var(--wp--preset--spacing--20);padding-right:var(--wp--preset--spacing--50);padding-bottom:var(--wp--preset--spacing--20);padding-left:var(--wp--preset--spacing--50)">
<h2 class="wp-block-heading has-text-align-left is-style-asterisk">Cuissons raku « extérieurs »</h2>



<div style="height:48px" aria-hidden="true" class="wp-block-spacer"></div>



<div class="wp-block-columns alignwide is-layout-flex wp-container-core-columns-is-layout-549b0c86 wp-block-columns-is-layout-flex">
<div class="wp-block-column has-global-padding is-content-justification-right is-layout-constrained wp-container-core-column-is-layout-7bd3503d wp-block-column-is-layout-constrained" style="flex-basis:40%">
<figure class="wp-block-image size-large wp-duotone-unset-1" style="margin-top:0;margin-bottom:0"><img loading="lazy" decoding="async" width="1024" height="768" src="https://www.terre-art-argile.org/wp-content/uploads/2025/01/IMG-20250114-WA0016-1024x768.jpg" alt="" class="wp-image-334" srcset="https://www.terre-art-argile.org/wp-content/uploads/2025/01/IMG-20250114-WA0016-1024x768.jpg 1024w, https://www.terre-art-argile.org/wp-content/uploads/2025/01/IMG-20250114-WA0016-300x225.jpg 300w, https://www.terre-art-argile.org/wp-content/uploads/2025/01/IMG-20250114-WA0016-768x576.jpg 768w, https://www.terre-art-argile.org/wp-content/uploads/2025/01/IMG-20250114-WA0016-1536x1152.jpg 1536w, https://www.terre-art-argile.org/wp-content/uploads/2025/01/IMG-20250114-WA0016.jpg 1600w" sizes="auto, (max-width: 1024px) 100vw, 1024px" /></figure>



<p class="has-text-align-center has-small-font-size">Adhésion résidents Gradignanais : 25€<br>Adhésion résidents extérieurs : 35€</p>



<div class="wp-block-buttons is-content-justification-center is-layout-flex wp-container-core-buttons-is-layout-a89b3969 wp-block-buttons-is-layout-flex">
<div class="wp-block-button"><a class="wp-block-button__link has-text-align-center wp-element-button" href="https://www.helloasso.com/associations/terre-d-art-et-d-argile/evenements/cuisson-libre-raku-adhesion-2025-26-1" target="_blank" rel="noreferrer noopener">Adhesion 2025-2026</a></div>



<div class="wp-block-button"><a class="wp-block-button__link has-text-align-center wp-element-button" href="https://www.helloasso.com/associations/terre-d-art-et-d-argile/evenements/cuisson-raku-prix-libre-2025-26" target="_blank" rel="noreferrer noopener">Cuisson personnalisée</a></div>
</div>
</div>



<div class="wp-block-column is-layout-flow wp-container-core-column-is-layout-f5bb311e wp-block-column-is-layout-flow" style="flex-basis:60%">
<p><strong>Le lundi de 10h à 12h</strong>, l&rsquo;association vous offre la possibilité d&rsquo;une cuisson Raku de vos créations&nbsp; personnelles extérieures aux ateliers.</p>



<h3 class="wp-block-heading is-style-default">Tarifs des cuissons :</h3>



<ul style="line-height:1.75" class="wp-block-list is-style-checkmark-list">
<li>Jusqu&rsquo;à 200g : 21€ le kg</li>



<li>Entre 200g et 8kg : 18€ le kg</li>



<li>A partir de 8kg : 25€ le kg</li>



<li>&#8211; 5€ le kilo si le biscuit est fait<br>(seuil de poids pour une pièce de 10kg )</li>
</ul>



<h4 class="wp-block-heading is-style-asterisk has-medium-font-size">Pour toute information, contactez-nous<br>par mail&nbsp;<a href="mailto:contact@terre-art-argile.org">contact@terre-art-argile.org</a> ou par téléphone au&nbsp; 06 74 87 70 94.</h4>
</div>
</div>
</div>



<div class="wp-block-group alignfull has-base-background-color has-background is-layout-flow wp-block-group-is-layout-flow" style="margin-top:0;margin-bottom:0;padding-top:var(--wp--preset--spacing--20);padding-right:var(--wp--preset--spacing--50);padding-bottom:var(--wp--preset--spacing--20);padding-left:var(--wp--preset--spacing--50)">
<h2 class="wp-block-heading has-text-align-left is-style-asterisk">Service émaillage</h2>



<div class="wp-block-columns alignwide is-layout-flex wp-container-core-columns-is-layout-549b0c86 wp-block-columns-is-layout-flex">
<div class="wp-block-column has-global-padding is-content-justification-right is-layout-constrained wp-container-core-column-is-layout-7bd3503d wp-block-column-is-layout-constrained" style="flex-basis:40%">
<figure class="wp-block-image size-full wp-duotone-unset-2"><img loading="lazy" decoding="async" width="1600" height="1200" src="https://www.terre-art-argile.org/wp-content/uploads/2026/01/tessons.jpeg" alt="" class="wp-image-1318" srcset="https://www.terre-art-argile.org/wp-content/uploads/2026/01/tessons.jpeg 1600w, https://www.terre-art-argile.org/wp-content/uploads/2026/01/tessons-300x225.jpeg 300w, https://www.terre-art-argile.org/wp-content/uploads/2026/01/tessons-1024x768.jpeg 1024w, https://www.terre-art-argile.org/wp-content/uploads/2026/01/tessons-768x576.jpeg 768w, https://www.terre-art-argile.org/wp-content/uploads/2026/01/tessons-1536x1152.jpeg 1536w" sizes="auto, (max-width: 1600px) 100vw, 1600px" /></figure>



<div class="wp-block-buttons is-content-justification-center is-layout-flex wp-container-core-buttons-is-layout-a89b3969 wp-block-buttons-is-layout-flex">
<div class="wp-block-button"><a class="wp-block-button__link has-text-align-center wp-element-button" href="https://www.helloasso.com/associations/terre-d-art-et-d-argile/evenements/service-emaillage-a-10-pieces-de-stages" target="_blank" rel="noreferrer noopener">Service émaillage</a></div>
</div>
</div>



<div class="wp-block-column is-layout-flow wp-container-core-column-is-layout-f5bb311e wp-block-column-is-layout-flow" style="flex-basis:60%">
<p><strong>Attention : service proposé uniquement pour les pièces façonnées lors des initiations et stages, modelage et tournage, au sein de notre association. </strong><br>Notre intervenante se chargera d’émailler et cuire vos pièces afin de leur offrir étanchéité et solidité. <br>Vous pourrez récupérer vos pièces sous 1 mois maximum selon le calendrier de cuissons</p>



<h3 class="wp-block-heading is-style-default">Tarifs des cuissons :</h3>



<ul style="line-height:1.75" class="wp-block-list is-style-checkmark-list">
<li>Émaillage transparent et cuisson haute température par nos soins, pour l’ensemble des pièces réalisées lors d’une activité initiation ou stage. : 10€ l’ensemble des pièces</li>
</ul>
</div>
</div>
</div>



<p></p>

<p>Cuissons raku « extérieurs » Adhésion résidents Gradignanais : 25€Adhésion résidents extérieurs : 35€ Le lundi de 10h à 12h, l&rsquo;association vous offre la possibilité d&rsquo;une cuisson Raku de vos créations&nbsp; personnelles extérieures aux ateliers. Tarifs des cuissons : Pour toute information, contactez-nouspar mail&nbsp;contact@terre-art-argile.org ou par téléphone au&nbsp; 06 74 87 70 94. Service émaillage Attention : [&hellip;]</p>
