{"id":140,"date":"2025-01-13T15:13:39","date_gmt":"2025-01-13T14:13:39","guid":{"rendered":"https:\/\/www.terre-art-argile.org\/?page_id=140"},"modified":"2026-01-15T10:56:56","modified_gmt":"2026-01-15T09:56:56","slug":"les-cours-a-lannee","status":"publish","type":"page","link":"https:\/\/www.terre-art-argile.org\/index.php\/les-cours-a-lannee\/","title":{"rendered":"Les ateliers annuels"},"content":{"rendered":"\n<div class=\"wp-block-columns alignwide are-vertically-aligned-center is-layout-flex wp-container-core-columns-is-layout-47c06fe3 wp-block-columns-is-layout-flex\">\n<div class=\"wp-block-column is-vertically-aligned-center is-layout-flow wp-block-column-is-layout-flow\" style=\"flex-basis:100%\">\n<div class=\"wp-block-group alignfull has-base-2-background-color has-background has-global-padding is-layout-constrained wp-container-core-group-is-layout-796362d6 wp-block-group-is-layout-constrained\" style=\"margin-top:0;margin-bottom:0;padding-top:var(--wp--preset--spacing--40);padding-right:var(--wp--preset--spacing--50);padding-bottom:var(--wp--preset--spacing--40);padding-left:var(--wp--preset--spacing--50)\">\n<div class=\"wp-block-group is-vertical is-content-justification-center is-layout-flex wp-container-core-group-is-layout-52b864f0 wp-block-group-is-layout-flex\">\n<p class=\"has-text-align-center has-medium-font-size\">Du 22 septembre 2025 au 13 juin 2026<\/p>\n\n\n\n<div style=\"height:38px\" aria-hidden=\"true\" class=\"wp-block-spacer wp-container-content-81dc8709\"><\/div>\n<\/div>\n\n\n\n<div class=\"wp-block-columns alignwide is-layout-flex wp-container-core-columns-is-layout-d0bbbce0 wp-block-columns-is-layout-flex\">\n<div class=\"wp-block-column is-layout-flow wp-container-core-column-is-layout-e3d1c41b wp-block-column-is-layout-flow\">\n<h3 class=\"wp-block-heading has-text-align-left is-style-asterisk has-body-font-family has-large-font-size\" style=\"font-style:normal;font-weight:600\">LUNDI<\/h3>\n\n\n\n<ul class=\"wp-block-list\">\n<li>14h45 &#8211; 17h45<br><strong>RAKU<\/strong> <br><em>Anim\u00e9 par Ilona Jonusauskiene<\/em><br>COMPLET<br><br><\/li>\n\n\n\n<li>18h &#8211; 21h<br><strong>RAKU<\/strong> <br><em>Anim\u00e9 par Ilona Jonusauskiene<\/em><br>COMPLET<\/li>\n<\/ul>\n<\/div>\n\n\n\n<div class=\"wp-block-column is-layout-flow wp-container-core-column-is-layout-e3d1c41b wp-block-column-is-layout-flow\">\n<h3 class=\"wp-block-heading has-text-align-left is-style-asterisk has-body-font-family has-large-font-size\" style=\"font-style:normal;font-weight:600\">MARDI<\/h3>\n\n\n\n<ul class=\"wp-block-list\">\n<li>14h45 &#8211; 17h45 <br><strong>Sculpture modelage<\/strong><br><em>Anim\u00e9 par <em>Alain Denis<\/em><\/em><br><a href=\"https:\/\/www.helloasso.com\/associations\/terre-d-art-et-d-argile\/adhesions\/modelage-mardi-14h45-atelier-annuel-1er-inscription-1\" target=\"_blank\" rel=\"noreferrer noopener\">INSCRIPTION<\/a><br><br><\/li>\n\n\n\n<li>18h &#8211; 21h<br><strong>Sculpture modelage<\/strong><br><em>Anim\u00e9 par <em>Alain Denis<\/em><\/em><br>COMPLET<br><br><\/li>\n<\/ul>\n<\/div>\n\n\n\n<div class=\"wp-block-column is-layout-flow wp-container-core-column-is-layout-e3d1c41b wp-block-column-is-layout-flow\">\n<h3 class=\"wp-block-heading has-text-align-left is-style-asterisk has-body-font-family has-large-font-size\" style=\"font-style:normal;font-weight:600\">MERCREDI<\/h3>\n\n\n\n<ul class=\"wp-block-list\">\n<li>13h &#8211; 16h<br><strong>Sculpture modelage \u00e9maillage<\/strong><br><em>Anim\u00e9 par Julie Parade<\/em><br>COMPLET<br><br><\/li>\n\n\n\n<li>16h &#8211; 18h<br><strong>Sculpture modelage enfants<\/strong><br><em>Anim\u00e9 par Alain Denis et<\/em> <em>Julie Parade<\/em> &#8211; <a href=\"https:\/\/www.helloasso.com\/associations\/terre-d-art-et-d-argile\/adhesions\/modelage-enfant-mercredi-16-18h-atelier-janvier-a-juin\" target=\"_blank\" rel=\"noreferrer noopener\">INSCRIPTION<\/a><br><br><\/li>\n\n\n\n<li>18h &#8211; 21h<br><strong>Modelage porcelaine<\/strong><br><em>Anim\u00e9 par Julie Parade<\/em><br><a href=\"https:\/\/www.helloasso.com\/associations\/terre-d-art-et-d-argile\/adhesions\/porcelaine-mercredi-18h-janvier-a-juin-2026\" target=\"_blank\" rel=\"noreferrer noopener\">INSCRIPTION<\/a><br><\/li>\n<\/ul>\n<\/div>\n<\/div>\n\n\n\n<div style=\"height:var(--wp--preset--spacing--20)\" aria-hidden=\"true\" class=\"wp-block-spacer\"><\/div>\n\n\n\n<div class=\"wp-block-columns alignwide is-layout-flex wp-container-core-columns-is-layout-d0bbbce0 wp-block-columns-is-layout-flex\">\n<div class=\"wp-block-column is-layout-flow wp-container-core-column-is-layout-e3d1c41b wp-block-column-is-layout-flow\">\n<h3 class=\"wp-block-heading has-text-align-left is-style-asterisk has-body-font-family has-large-font-size\" style=\"font-style:normal;font-weight:600\">JEUDI<\/h3>\n\n\n\n<ul class=\"wp-block-list\">\n<li>14h45 &#8211; 17h45 <br><strong><strong>Sculpture modelage \u00e9maillage<\/strong><\/strong><br><em>Anim\u00e9 par <em>G\u00e9rard Guibert<\/em><\/em> <br>COMPLET<br><br><\/li>\n\n\n\n<li>18 h &#8211; 21 h<br><strong><strong>Sculpture modelage \u00e9maillage<\/strong><\/strong><br><em>Anim\u00e9 par <em>G\u00e9rard Guibert<\/em><\/em> <br>COMPLET<\/li>\n<\/ul>\n<\/div>\n\n\n\n<div class=\"wp-block-column is-layout-flow wp-container-core-column-is-layout-e3d1c41b wp-block-column-is-layout-flow\">\n<h3 class=\"wp-block-heading has-text-align-left is-style-asterisk has-body-font-family has-large-font-size\" style=\"font-style:normal;font-weight:600\">VENDREDI<\/h3>\n\n\n\n<ul class=\"wp-block-list\">\n<li>14h45 &#8211; 17h45 <br><strong>Sculpture, modelage RAKU<\/strong><br><em>Anim\u00e9 par Ilona Jonusauskiene<\/em><br>COMPLET<br><br><\/li>\n\n\n\n<li>14h45 &#8211; 17h45 <br>1 vendredi sur 2<br><strong><strong>Tournage<\/strong><\/strong><br><em>Anim\u00e9 par <em><em>C\u00e9cile Ruget<\/em><\/em> <\/em><br>COMPLET<br><br><\/li>\n\n\n\n<li>18 h &#8211; 21 h<br><strong>Sculpture, modelage RAKU<\/strong><br><em>Anim\u00e9 par Ilona Jonusauskiene<\/em> <br>COMPLET<\/li>\n<\/ul>\n<\/div>\n\n\n\n<div class=\"wp-block-column is-layout-flow wp-container-core-column-is-layout-e3d1c41b wp-block-column-is-layout-flow\">\n<h3 class=\"wp-block-heading has-text-align-left is-style-asterisk has-body-font-family has-large-font-size\" style=\"font-style:normal;font-weight:600\">SAMEDI<\/h3>\n\n\n\n<ul class=\"wp-block-list\">\n<li>10h &#8211; 17h<br>1 samedi sur 2 &#8211; 30 s\u00e9ances \/ an<br><strong>Tournage<\/strong><br><em>Anim\u00e9 par <em>C\u00e9cile Ruget<\/em><\/em> <br>COMPLET<br><\/li>\n<\/ul>\n<\/div>\n<\/div>\n<\/div>\n\n\n\n<h3 class=\"wp-block-heading is-style-asterisk\">En savoir plus&#8230;<\/h3>\n<\/div>\n<\/div>\n\n\n\n<div class=\"wp-block-columns alignwide is-layout-flex wp-container-core-columns-is-layout-4935966c wp-block-columns-is-layout-flex\" style=\"padding-right:0;padding-left:0\">\n<div class=\"wp-block-column is-layout-flow wp-block-column-is-layout-flow\">\n<figure class=\"wp-block-image size-full is-style-rounded wp-duotone-unset-2 is-style-rounded--1\"><img loading=\"lazy\" decoding=\"async\" width=\"1200\" height=\"1600\" src=\"https:\/\/www.terre-art-argile.org\/wp-content\/uploads\/2025\/01\/IMG-20250114-WA0029.jpg\" alt=\"\" class=\"wp-image-325\" style=\"aspect-ratio:1;object-fit:cover\" srcset=\"https:\/\/www.terre-art-argile.org\/wp-content\/uploads\/2025\/01\/IMG-20250114-WA0029.jpg 1200w, https:\/\/www.terre-art-argile.org\/wp-content\/uploads\/2025\/01\/IMG-20250114-WA0029-225x300.jpg 225w, https:\/\/www.terre-art-argile.org\/wp-content\/uploads\/2025\/01\/IMG-20250114-WA0029-768x1024.jpg 768w, https:\/\/www.terre-art-argile.org\/wp-content\/uploads\/2025\/01\/IMG-20250114-WA0029-1152x1536.jpg 1152w\" sizes=\"auto, (max-width: 1200px) 100vw, 1200px\" \/><\/figure>\n\n\n\n<div class=\"wp-block-group is-vertical is-content-justification-center is-nowrap is-layout-flex wp-container-core-group-is-layout-63bfd6c1 wp-block-group-is-layout-flex\">\n<div class=\"wp-block-group is-vertical is-content-justification-center is-nowrap is-layout-flex wp-container-core-group-is-layout-c7efdc90 wp-block-group-is-layout-flex\" style=\"margin-top:var(--wp--preset--spacing--10);margin-bottom:var(--wp--preset--spacing--10)\">\n<p class=\"has-large-font-size\">MODELAGE<\/p>\n<\/div>\n\n\n\n<p class=\"has-text-align-center has-small-font-size\"><strong>Modelage<\/strong> <strong>\u00e9maillage adultes&nbsp;\/ enfants<\/strong><\/p>\n\n\n\n<p class=\"has-text-align-center has-small-font-size\"><br>&nbsp;Mardi \/ Jeudi <br>De 14h45 \u00e0 17h45 ou&nbsp;de 18h \u00e0 21h<br>&nbsp;Mercredi de 14h \u00e0 17h<\/p>\n<\/div>\n\n\n\n<div class=\"wp-block-buttons is-content-justification-center is-layout-flex wp-container-core-buttons-is-layout-a89b3969 wp-block-buttons-is-layout-flex\">\n<div class=\"wp-block-button\"><a class=\"wp-block-button__link wp-element-button\" href=\"https:\/\/www.terre-art-argile.org\/index.php\/les-cours-a-lannee\/modelage\/\">En savoir +<\/a><\/div>\n<\/div>\n<\/div>\n\n\n\n<div class=\"wp-block-column is-layout-flow wp-block-column-is-layout-flow\">\n<figure class=\"wp-block-image size-full is-style-rounded wp-duotone-unset-4 is-style-rounded--3\"><img loading=\"lazy\" decoding=\"async\" width=\"800\" height=\"391\" src=\"https:\/\/www.terre-art-argile.org\/wp-content\/uploads\/2025\/01\/Porcelaine.jpg\" alt=\"\" class=\"wp-image-145\" style=\"aspect-ratio:1;object-fit:cover\" srcset=\"https:\/\/www.terre-art-argile.org\/wp-content\/uploads\/2025\/01\/Porcelaine.jpg 800w, https:\/\/www.terre-art-argile.org\/wp-content\/uploads\/2025\/01\/Porcelaine-300x147.jpg 300w, https:\/\/www.terre-art-argile.org\/wp-content\/uploads\/2025\/01\/Porcelaine-768x375.jpg 768w\" sizes=\"auto, (max-width: 800px) 100vw, 800px\" \/><\/figure>\n\n\n\n<div class=\"wp-block-group is-vertical is-content-justification-center is-nowrap is-layout-flex wp-container-core-group-is-layout-c7efdc90 wp-block-group-is-layout-flex\" style=\"margin-top:var(--wp--preset--spacing--10);margin-bottom:var(--wp--preset--spacing--10)\">\n<div class=\"wp-block-group is-vertical is-content-justification-center is-nowrap is-layout-flex wp-container-core-group-is-layout-c7efdc90 wp-block-group-is-layout-flex\" style=\"margin-top:var(--wp--preset--spacing--10);margin-bottom:var(--wp--preset--spacing--10)\">\n<p class=\"has-large-font-size\">PORCELAINE<\/p>\n<\/div>\n\n\n\n<p class=\"has-text-align-center has-small-font-size\"><strong>Porcelaine<\/strong> <strong>\u00e9maillage adultes<\/strong><\/p>\n\n\n\n<p class=\"has-text-align-center has-small-font-size\"><br>Mercredi<br>de 18h \u00e0 21h<br><\/p>\n<\/div>\n\n\n\n<div class=\"wp-block-group is-vertical is-content-justification-center is-nowrap is-layout-flex wp-container-core-group-is-layout-21d4e958 wp-block-group-is-layout-flex\">\n<div class=\"wp-block-buttons is-layout-flex wp-block-buttons-is-layout-flex\">\n<div class=\"wp-block-button\"><a class=\"wp-block-button__link wp-element-button\" href=\"https:\/\/www.terre-art-argile.org\/index.php\/les-cours-a-lannee\/la-porcelaine\/\">En savoir +<\/a><\/div>\n<\/div>\n<\/div>\n<\/div>\n\n\n\n<div class=\"wp-block-column is-layout-flow wp-block-column-is-layout-flow\">\n<figure class=\"wp-block-image size-full is-style-rounded wp-duotone-unset-6 is-style-rounded--5\"><img loading=\"lazy\" decoding=\"async\" width=\"1600\" height=\"1200\" src=\"https:\/\/www.terre-art-argile.org\/wp-content\/uploads\/2025\/01\/IMG-20250114-WA0019-1.jpg\" alt=\"\" class=\"wp-image-328\" style=\"aspect-ratio:1;object-fit:cover\" srcset=\"https:\/\/www.terre-art-argile.org\/wp-content\/uploads\/2025\/01\/IMG-20250114-WA0019-1.jpg 1600w, https:\/\/www.terre-art-argile.org\/wp-content\/uploads\/2025\/01\/IMG-20250114-WA0019-1-300x225.jpg 300w, https:\/\/www.terre-art-argile.org\/wp-content\/uploads\/2025\/01\/IMG-20250114-WA0019-1-1024x768.jpg 1024w, https:\/\/www.terre-art-argile.org\/wp-content\/uploads\/2025\/01\/IMG-20250114-WA0019-1-768x576.jpg 768w, https:\/\/www.terre-art-argile.org\/wp-content\/uploads\/2025\/01\/IMG-20250114-WA0019-1-1536x1152.jpg 1536w\" sizes=\"auto, (max-width: 1600px) 100vw, 1600px\" \/><\/figure>\n\n\n\n<div class=\"wp-block-group is-vertical is-content-justification-center is-nowrap is-layout-flex wp-container-core-group-is-layout-c7efdc90 wp-block-group-is-layout-flex\" style=\"margin-top:var(--wp--preset--spacing--10);margin-bottom:var(--wp--preset--spacing--10)\">\n<div class=\"wp-block-group is-vertical is-content-justification-center is-nowrap is-layout-flex wp-container-core-group-is-layout-c7efdc90 wp-block-group-is-layout-flex\" style=\"margin-top:var(--wp--preset--spacing--10);margin-bottom:var(--wp--preset--spacing--10)\">\n<p class=\"has-large-font-size\">RAKU<\/p>\n<\/div>\n\n\n\n<p class=\"has-text-align-center has-small-font-size\"><strong>Sculpture modelage adultes<\/strong><\/p>\n\n\n\n<p class=\"has-text-align-center has-small-font-size\"><br>Lundi \/ Vendredi<br> De 14h45 \u00e0 17h45 ou de 18h \u00e0 21h<br><\/p>\n<\/div>\n\n\n\n<div class=\"wp-block-buttons is-content-justification-center is-layout-flex wp-container-core-buttons-is-layout-a89b3969 wp-block-buttons-is-layout-flex\">\n<div class=\"wp-block-button\"><a class=\"wp-block-button__link wp-element-button\" href=\"https:\/\/www.terre-art-argile.org\/index.php\/raku\/\">En savoir +<\/a><\/div>\n<\/div>\n<\/div>\n\n\n\n<div class=\"wp-block-column is-layout-flow wp-block-column-is-layout-flow\">\n<figure class=\"wp-block-image size-full is-style-rounded wp-duotone-unset-8 is-style-rounded--7\"><img loading=\"lazy\" decoding=\"async\" width=\"1600\" height=\"1200\" src=\"https:\/\/www.terre-art-argile.org\/wp-content\/uploads\/2025\/01\/IMG-20250114-WA0024.jpg\" alt=\"\" class=\"wp-image-322\" style=\"aspect-ratio:1;object-fit:cover\" srcset=\"https:\/\/www.terre-art-argile.org\/wp-content\/uploads\/2025\/01\/IMG-20250114-WA0024.jpg 1600w, https:\/\/www.terre-art-argile.org\/wp-content\/uploads\/2025\/01\/IMG-20250114-WA0024-300x225.jpg 300w, https:\/\/www.terre-art-argile.org\/wp-content\/uploads\/2025\/01\/IMG-20250114-WA0024-1024x768.jpg 1024w, https:\/\/www.terre-art-argile.org\/wp-content\/uploads\/2025\/01\/IMG-20250114-WA0024-768x576.jpg 768w, https:\/\/www.terre-art-argile.org\/wp-content\/uploads\/2025\/01\/IMG-20250114-WA0024-1536x1152.jpg 1536w\" sizes=\"auto, (max-width: 1600px) 100vw, 1600px\" \/><\/figure>\n\n\n\n<div class=\"wp-block-group is-vertical is-content-justification-center is-nowrap is-layout-flex wp-container-core-group-is-layout-63bfd6c1 wp-block-group-is-layout-flex\">\n<div class=\"wp-block-group is-vertical is-content-justification-center is-nowrap is-layout-flex wp-container-core-group-is-layout-c7efdc90 wp-block-group-is-layout-flex\" style=\"margin-top:var(--wp--preset--spacing--10);margin-bottom:var(--wp--preset--spacing--10)\">\n<p class=\"has-large-font-size\">TOURNAGE<\/p>\n<\/div>\n\n\n\n<p class=\"has-text-align-center has-small-font-size\"><strong>Tournage<\/strong> <strong>\u00e9maillage adultes<\/strong><\/p>\n\n\n\n<p class=\"has-text-align-center has-small-font-size\"><br>Deux samedis par mois<br>de 10h \u00e0 13h et de 14h \u00e0 17h<br><\/p>\n<\/div>\n\n\n\n<div class=\"wp-block-buttons is-content-justification-center is-layout-flex wp-container-core-buttons-is-layout-a89b3969 wp-block-buttons-is-layout-flex\">\n<div class=\"wp-block-button\"><a class=\"wp-block-button__link wp-element-button\" href=\"https:\/\/www.terre-art-argile.org\/index.php\/les-cours-a-lannee\/tournage\/\">En savoir +<\/a><\/div>\n<\/div>\n<\/div>\n<\/div>\n\n\n\n<div style=\"height:80px\" aria-hidden=\"true\" class=\"wp-block-spacer\"><\/div>\n\n\n\n<div class=\"wp-block-columns alignwide are-vertically-aligned-center is-layout-flex wp-container-core-columns-is-layout-47c06fe3 wp-block-columns-is-layout-flex\">\n<div class=\"wp-block-column is-vertically-aligned-center is-layout-flow wp-block-column-is-layout-flow\" style=\"flex-basis:50%\">\n<figure class=\"wp-block-image size-full is-style-rounded wp-duotone-unset-10 is-style-rounded--9\"><img loading=\"lazy\" decoding=\"async\" width=\"800\" height=\"950\" src=\"https:\/\/www.terre-art-argile.org\/wp-content\/uploads\/2025\/01\/Modelage03.jpg\" alt=\"\" class=\"wp-image-513\" style=\"aspect-ratio:4\/3;object-fit:cover\" srcset=\"https:\/\/www.terre-art-argile.org\/wp-content\/uploads\/2025\/01\/Modelage03.jpg 800w, https:\/\/www.terre-art-argile.org\/wp-content\/uploads\/2025\/01\/Modelage03-253x300.jpg 253w, https:\/\/www.terre-art-argile.org\/wp-content\/uploads\/2025\/01\/Modelage03-768x912.jpg 768w\" sizes=\"auto, (max-width: 800px) 100vw, 800px\" \/><\/figure>\n<\/div>\n\n\n\n<div class=\"wp-block-column is-vertically-aligned-center is-layout-flow wp-block-column-is-layout-flow\" style=\"flex-basis:50%\">\n<h3 class=\"wp-block-heading is-style-asterisk\">Tarif des ateliers annuels adulte : 420\u20ac cotisation annuelle<\/h3>\n\n\n\n<ul style=\"line-height:1.75\" class=\"wp-block-list is-style-checkmark-list\">\n<li>+ 25\u20ac d&rsquo;adh\u00e9sion \u00e0 l&rsquo;association pour les r\u00e9sidents Gradignanais<\/li>\n\n\n\n<li>ou + 35\u20ac d&rsquo;adh\u00e9sion \u00e0 l&rsquo;association pour les r\u00e9sidents ext\u00e9rieurs \u00e0 Gradignan<\/li>\n<\/ul>\n\n\n\n<h3 class=\"wp-block-heading is-style-default\">Tarifs des ateliers annuels enfants : 300\u20ac cotisations annuelles<\/h3>\n\n\n\n<ul style=\"line-height:1.75\" class=\"wp-block-list is-style-checkmark-list\">\n<li>Adh\u00e9sion annuelle gratuite pour les enfants r\u00e9sident \u00e0 Gradignan<\/li>\n\n\n\n<li>+ 10\u20ac d&rsquo;adh\u00e9sion \u00e0 l&rsquo;association pour les r\u00e9sidents ext\u00e9rieurs \u00e0 Gradignan<\/li>\n<\/ul>\n<\/div>\n<\/div>\n\n\n\n<div style=\"height:80px\" aria-hidden=\"true\" class=\"wp-block-spacer\"><\/div>\n\n\n\n<div class=\"wp-block-group is-vertical is-content-justification-center is-layout-flex wp-container-core-group-is-layout-ce155fab wp-block-group-is-layout-flex\">\n<p class=\"has-text-align-center\">\u2728Pour les cours complets, inscrivez-vous sur notre liste d\u2019attente et profitez de nos initiations et stages en&nbsp;attendant&nbsp;! \u2728<\/p>\n\n\n\n<div class=\"wp-block-buttons is-layout-flex wp-block-buttons-is-layout-flex\">\n<div class=\"wp-block-button\"><a class=\"wp-block-button__link wp-element-button\" href=\"https:\/\/www.helloasso.com\/associations\/terre-d-art-et-d-argile\/evenements\/liste-d-attente-ateliers-annuels\" target=\"_blank\" rel=\"noreferrer noopener\">S&rsquo;inscrire sur la liste d&rsquo;attente<\/a><\/div>\n<\/div>\n\n\n\n<div style=\"height:0px\" aria-hidden=\"true\" class=\"wp-block-spacer wp-container-content-32e3a40d\"><\/div>\n<\/div>\n","protected":false},"excerpt":{"rendered":"<p>Du 22 septembre 2025 au 13 juin 2026 LUNDI MARDI MERCREDI JEUDI VENDREDI SAMEDI En savoir plus&#8230; MODELAGE Modelage \u00e9maillage adultes&nbsp;\/ enfants &nbsp;Mardi \/ Jeudi De 14h45 \u00e0 17h45 ou&nbsp;de 18h \u00e0 21h&nbsp;Mercredi de 14h \u00e0 17h PORCELAINE Porcelaine \u00e9maillage adultes Mercredide 18h \u00e0 21h RAKU Sculpture modelage adultes Lundi \/ Vendredi De 14h45 \u00e0 [&hellip;]<\/p>\n","protected":false},"author":1,"featured_media":0,"parent":0,"menu_order":0,"comment_status":"closed","ping_status":"closed","template":"","meta":{"footnotes":""},"class_list":["post-140","page","type-page","status-publish","hentry"],"_links":{"self":[{"href":"https:\/\/www.terre-art-argile.org\/index.php\/wp-json\/wp\/v2\/pages\/140","targetHints":{"allow":["GET"]}}],"collection":[{"href":"https:\/\/www.terre-art-argile.org\/index.php\/wp-json\/wp\/v2\/pages"}],"about":[{"href":"https:\/\/www.terre-art-argile.org\/index.php\/wp-json\/wp\/v2\/types\/page"}],"author":[{"embeddable":true,"href":"https:\/\/www.terre-art-argile.org\/index.php\/wp-json\/wp\/v2\/users\/1"}],"replies":[{"embeddable":true,"href":"https:\/\/www.terre-art-argile.org\/index.php\/wp-json\/wp\/v2\/comments?post=140"}],"version-history":[{"count":54,"href":"https:\/\/www.terre-art-argile.org\/index.php\/wp-json\/wp\/v2\/pages\/140\/revisions"}],"predecessor-version":[{"id":1326,"href":"https:\/\/www.terre-art-argile.org\/index.php\/wp-json\/wp\/v2\/pages\/140\/revisions\/1326"}],"wp:attachment":[{"href":"https:\/\/www.terre-art-argile.org\/index.php\/wp-json\/wp\/v2\/media?parent=140"}],"curies":[{"name":"wp","href":"https:\/\/api.w.org\/{rel}","templated":true}]}}