{"id":172,"date":"2025-01-13T16:03:47","date_gmt":"2025-01-13T15:03:47","guid":{"rendered":"https:\/\/www.terre-art-argile.org\/?page_id=172"},"modified":"2025-06-24T14:46:11","modified_gmt":"2025-06-24T12:46:11","slug":"raku","status":"publish","type":"page","link":"https:\/\/www.terre-art-argile.org\/index.php\/les-cours-a-lannee\/raku\/","title":{"rendered":"Raku"},"content":{"rendered":"\n<div class=\"wp-block-group alignfull has-global-padding is-layout-constrained wp-container-core-group-is-layout-cb151cc7 wp-block-group-is-layout-constrained\" style=\"margin-top:0;margin-bottom:0;padding-top:0;padding-right:var(--wp--preset--spacing--50);padding-bottom:0;padding-left:var(--wp--preset--spacing--50)\">\n<div class=\"wp-block-group alignwide has-global-padding is-layout-constrained wp-container-core-group-is-layout-19e250f3 wp-block-group-is-layout-constrained\">\n<div class=\"wp-block-group is-vertical is-content-justification-center is-layout-flex wp-container-core-group-is-layout-6329a8f3 wp-block-group-is-layout-flex\">\n<h2 class=\"wp-block-heading has-text-align-center is-style-asterisk\">Une exp\u00e9rience unique<\/h2>\n\n\n\n<p class=\"has-text-align-center\">Plongez dans l\u2019univers fascinant du Raku, une technique ancestrale japonaise o\u00f9 terre, feu et fum\u00e9e se rencontrent pour cr\u00e9er des pi\u00e8ces uniques et impr\u00e9visibles.<\/p>\n<\/div>\n\n\n\n<div style=\"height:var(--wp--preset--spacing--40)\" aria-hidden=\"true\" class=\"wp-block-spacer\"><\/div>\n\n\n\n<div class=\"wp-block-columns alignwide is-layout-flex wp-container-core-columns-is-layout-d1c656ed wp-block-columns-is-layout-flex\">\n<div class=\"wp-block-column is-vertically-aligned-center is-layout-flow wp-block-column-is-layout-flow\" style=\"flex-basis:40%\">\n<h3 class=\"wp-block-heading is-style-asterisk\">Planning 2025-2026<\/h3>\n\n\n\n<p><strong>Modelage et cuisson Raku<\/strong><br><em>Anim\u00e9 par Ilona Jonusauskiene<\/em><\/p>\n\n\n\n<ul class=\"wp-block-list is-style-checkmark-list\">\n<li>Lundi<br>14h45 \u00e0 17h45 ou 18h \u00e0 21h<\/li>\n\n\n\n<li>Vendredi<br>14h45 \u00e0 17h45 ou 18h \u00e0 21h<\/li>\n<\/ul>\n<\/div>\n\n\n\n<div class=\"wp-block-column is-layout-flow wp-block-column-is-layout-flow\" style=\"flex-basis:50%\">\n<figure class=\"wp-block-image size-full is-style-rounded wp-duotone-unset-2 is-style-rounded--1\"><img loading=\"lazy\" decoding=\"async\" width=\"800\" height=\"427\" src=\"https:\/\/www.terre-art-argile.org\/wp-content\/uploads\/2025\/01\/cuisson-raku-1.jpg\" alt=\"\" class=\"wp-image-341\" srcset=\"https:\/\/www.terre-art-argile.org\/wp-content\/uploads\/2025\/01\/cuisson-raku-1.jpg 800w, https:\/\/www.terre-art-argile.org\/wp-content\/uploads\/2025\/01\/cuisson-raku-1-300x160.jpg 300w, https:\/\/www.terre-art-argile.org\/wp-content\/uploads\/2025\/01\/cuisson-raku-1-768x410.jpg 768w\" sizes=\"auto, (max-width: 800px) 100vw, 800px\" \/><\/figure>\n<\/div>\n<\/div>\n\n\n\n<div style=\"height:var(--wp--preset--spacing--40)\" aria-hidden=\"true\" class=\"wp-block-spacer\"><\/div>\n<\/div>\n<\/div>\n","protected":false},"excerpt":{"rendered":"<p>Une exp\u00e9rience unique Plongez dans l\u2019univers fascinant du Raku, une technique ancestrale japonaise o\u00f9 terre, feu et fum\u00e9e se rencontrent pour cr\u00e9er des pi\u00e8ces uniques et impr\u00e9visibles. Planning 2025-2026 Modelage et cuisson RakuAnim\u00e9 par Ilona Jonusauskiene<\/p>\n","protected":false},"author":1,"featured_media":0,"parent":140,"menu_order":0,"comment_status":"closed","ping_status":"closed","template":"","meta":{"footnotes":""},"class_list":["post-172","page","type-page","status-publish","hentry"],"_links":{"self":[{"href":"https:\/\/www.terre-art-argile.org\/index.php\/wp-json\/wp\/v2\/pages\/172","targetHints":{"allow":["GET"]}}],"collection":[{"href":"https:\/\/www.terre-art-argile.org\/index.php\/wp-json\/wp\/v2\/pages"}],"about":[{"href":"https:\/\/www.terre-art-argile.org\/index.php\/wp-json\/wp\/v2\/types\/page"}],"author":[{"embeddable":true,"href":"https:\/\/www.terre-art-argile.org\/index.php\/wp-json\/wp\/v2\/users\/1"}],"replies":[{"embeddable":true,"href":"https:\/\/www.terre-art-argile.org\/index.php\/wp-json\/wp\/v2\/comments?post=172"}],"version-history":[{"count":19,"href":"https:\/\/www.terre-art-argile.org\/index.php\/wp-json\/wp\/v2\/pages\/172\/revisions"}],"predecessor-version":[{"id":1021,"href":"https:\/\/www.terre-art-argile.org\/index.php\/wp-json\/wp\/v2\/pages\/172\/revisions\/1021"}],"up":[{"embeddable":true,"href":"https:\/\/www.terre-art-argile.org\/index.php\/wp-json\/wp\/v2\/pages\/140"}],"wp:attachment":[{"href":"https:\/\/www.terre-art-argile.org\/index.php\/wp-json\/wp\/v2\/media?parent=172"}],"curies":[{"name":"wp","href":"https:\/\/api.w.org\/{rel}","templated":true}]}}