{"id":90,"date":"2025-01-13T11:30:57","date_gmt":"2025-01-13T10:30:57","guid":{"rendered":"https:\/\/www.terre-art-argile.org\/?page_id=90"},"modified":"2025-08-04T10:37:03","modified_gmt":"2025-08-04T08:37:03","slug":"association","status":"publish","type":"page","link":"https:\/\/www.terre-art-argile.org\/index.php\/association\/","title":{"rendered":"L&rsquo;association"},"content":{"rendered":"\n<p class=\"has-text-align-center\">L\u2019association \u00abTerre d\u2019art et d\u2019argile\u00bb est install\u00e9e \u00e0 la Poterie depuis 2010, <br>faisant de ce lieu un centre artistique et culturel bien vivant.<\/p>\n\n\n\n<div class=\"wp-block-group alignfull has-global-padding is-layout-constrained wp-container-core-group-is-layout-aff63992 wp-block-group-is-layout-constrained\" style=\"margin-top:0;margin-bottom:0;padding-top:0;padding-right:var(--wp--preset--spacing--50);padding-bottom:0;padding-left:var(--wp--preset--spacing--50)\">\n<div class=\"wp-block-group is-vertical is-content-justification-center is-layout-flex wp-container-core-group-is-layout-ce155fab wp-block-group-is-layout-flex\">\n<p class=\"has-text-align-center\">L&rsquo;association a pour objet de promouvoir les arts de la terre et du feu par des expositions et des ateliers de pratique, dans un climat amical et familial, de convivialit\u00e9 et de partage.<\/p>\n<\/div>\n\n\n\n<div style=\"height:var(--wp--preset--spacing--30)\" aria-hidden=\"true\" class=\"wp-block-spacer\"><\/div>\n\n\n\n<h2 class=\"wp-block-heading has-text-align-center has-x-large-font-size\">Les membres du bureau<\/h2>\n\n\n\n<div class=\"wp-block-columns alignwide is-layout-flex wp-container-core-columns-is-layout-4935966c wp-block-columns-is-layout-flex\" style=\"padding-right:0;padding-left:0\">\n<div class=\"wp-block-column is-layout-flow wp-block-column-is-layout-flow\">\n<figure class=\"wp-block-image aligncenter size-full is-style-rounded wp-duotone-unset-2 is-style-rounded--1\"><img loading=\"lazy\" decoding=\"async\" width=\"140\" height=\"140\" src=\"https:\/\/www.terre-art-argile.org\/wp-content\/uploads\/2025\/01\/Eva-denis-3.jpg\" alt=\"\" class=\"wp-image-305\" style=\"aspect-ratio:1;object-fit:cover\"\/><\/figure>\n\n\n\n<div class=\"wp-block-group is-vertical is-content-justification-center is-nowrap is-layout-flex wp-container-core-group-is-layout-21d4e958 wp-block-group-is-layout-flex\">\n<p class=\"has-text-align-center has-small-font-size\"><strong>Eva Denis<\/strong><\/p>\n\n\n\n<p class=\"has-text-align-center has-small-font-size\">Pr\u00e9sidente, <br>Directrice par int\u00e9rim<\/p>\n<\/div>\n<\/div>\n\n\n\n<div class=\"wp-block-column is-layout-flow wp-block-column-is-layout-flow\">\n<figure class=\"wp-block-image aligncenter size-full is-style-rounded wp-duotone-unset-4 is-style-rounded--3\"><img loading=\"lazy\" decoding=\"async\" width=\"140\" height=\"140\" src=\"https:\/\/www.terre-art-argile.org\/wp-content\/uploads\/2025\/01\/Daniel-Vignolles-1.jpg\" alt=\"\" class=\"wp-image-301\" style=\"aspect-ratio:1;object-fit:cover\"\/><\/figure>\n\n\n\n<div class=\"wp-block-group is-vertical is-content-justification-center is-nowrap is-layout-flex wp-container-core-group-is-layout-21d4e958 wp-block-group-is-layout-flex\">\n<p class=\"has-text-align-center has-small-font-size\"><strong>Daniel Vignolles<\/strong><\/p>\n\n\n\n<p class=\"has-text-align-center has-small-font-size\">Tr\u00e9sorier<\/p>\n<\/div>\n<\/div>\n\n\n\n<div class=\"wp-block-column is-layout-flow wp-block-column-is-layout-flow\">\n<figure class=\"wp-block-image aligncenter size-full is-style-rounded wp-duotone-unset-6 is-style-rounded--5\"><img loading=\"lazy\" decoding=\"async\" width=\"140\" height=\"140\" src=\"https:\/\/www.terre-art-argile.org\/wp-content\/uploads\/2025\/01\/Candice-denis-1.jpg\" alt=\"\" class=\"wp-image-529\" style=\"aspect-ratio:1;object-fit:cover\"\/><\/figure>\n\n\n\n<div class=\"wp-block-group is-vertical is-content-justification-center is-nowrap is-layout-flex wp-container-core-group-is-layout-21d4e958 wp-block-group-is-layout-flex\">\n<p class=\"has-text-align-center has-small-font-size\"><strong>Candice Denis<\/strong><\/p>\n\n\n\n<p class=\"has-text-align-center has-small-font-size\">Secr\u00e9taire<\/p>\n<\/div>\n<\/div>\n\n\n\n<div class=\"wp-block-column is-layout-flow wp-block-column-is-layout-flow\">\n<figure class=\"wp-block-image aligncenter size-full is-style-rounded wp-duotone-unset-8 is-style-rounded--7\"><img loading=\"lazy\" decoding=\"async\" width=\"140\" height=\"140\" src=\"https:\/\/www.terre-art-argile.org\/wp-content\/uploads\/2025\/01\/ALain-Denis-2.jpg\" alt=\"\" class=\"wp-image-306\" style=\"aspect-ratio:1;object-fit:cover\"\/><\/figure>\n\n\n\n<div class=\"wp-block-group is-vertical is-content-justification-center is-nowrap is-layout-flex wp-container-core-group-is-layout-63bfd6c1 wp-block-group-is-layout-flex\">\n<p class=\"has-text-align-center has-small-font-size\"><strong>Alain Denis<\/strong><\/p>\n\n\n\n<p class=\"has-text-align-center has-small-font-size\">Directeur<\/p>\n<\/div>\n<\/div>\n\n\n\n<div class=\"wp-block-column is-layout-flow wp-block-column-is-layout-flow\">\n<figure class=\"wp-block-image aligncenter size-full is-style-rounded wp-duotone-unset-10 is-style-rounded--9\"><img loading=\"lazy\" decoding=\"async\" width=\"140\" height=\"140\" src=\"https:\/\/www.terre-art-argile.org\/wp-content\/uploads\/2025\/01\/bernard-bouvet2.jpg\" alt=\"\" class=\"wp-image-530\" style=\"aspect-ratio:1;object-fit:cover\"\/><\/figure>\n\n\n\n<div class=\"wp-block-group is-vertical is-content-justification-center is-nowrap is-layout-flex wp-container-core-group-is-layout-21d4e958 wp-block-group-is-layout-flex\">\n<p class=\"has-text-align-center has-small-font-size\"><strong>Bernard Bouvet<\/strong><\/p>\n\n\n\n<p class=\"has-text-align-center has-small-font-size\">Tr\u00e9sorier adjoint<\/p>\n<\/div>\n<\/div>\n\n\n\n<div class=\"wp-block-column is-layout-flow wp-block-column-is-layout-flow\">\n<figure class=\"wp-block-image aligncenter size-full is-style-rounded wp-duotone-unset-12 is-style-rounded--11\"><img loading=\"lazy\" decoding=\"async\" width=\"140\" height=\"140\" src=\"https:\/\/www.terre-art-argile.org\/wp-content\/uploads\/2025\/01\/Cathy-Figueroas-2.jpg\" alt=\"\" class=\"wp-image-304\" style=\"aspect-ratio:1;object-fit:cover\"\/><\/figure>\n\n\n\n<div class=\"wp-block-group is-vertical is-content-justification-center is-nowrap is-layout-flex wp-container-core-group-is-layout-63bfd6c1 wp-block-group-is-layout-flex\">\n<p class=\"has-text-align-center has-small-font-size\"><strong>Cathy Morin<\/strong><\/p>\n\n\n\n<p class=\"has-text-align-center has-small-font-size\">Commissaire d&rsquo;Expositions<\/p>\n<\/div>\n<\/div>\n<\/div>\n<\/div>\n\n\n\n<div class=\"wp-block-group alignfull has-accent-5-background-color has-background has-global-padding is-layout-constrained wp-container-core-group-is-layout-d89aad35 wp-block-group-is-layout-constrained\" style=\"margin-top:0;margin-bottom:0;padding-top:var(--wp--preset--spacing--50);padding-right:var(--wp--preset--spacing--50);padding-bottom:var(--wp--preset--spacing--50);padding-left:var(--wp--preset--spacing--50)\">\n<div class=\"wp-block-columns alignwide is-layout-flex wp-container-core-columns-is-layout-1da03c2a wp-block-columns-is-layout-flex\">\n<div class=\"wp-block-column is-vertically-aligned-bottom is-layout-flow wp-block-column-is-layout-flow\" style=\"flex-basis:60%\">\n<figure class=\"wp-block-image size-full is-style-rounded wp-duotone-unset-14 is-style-rounded--13\"><img loading=\"lazy\" decoding=\"async\" width=\"1088\" height=\"506\" src=\"https:\/\/www.terre-art-argile.org\/wp-content\/uploads\/2025\/01\/La_Poterie_2020-1.jpg\" alt=\"\" class=\"wp-image-119\" style=\"aspect-ratio:16\/9;object-fit:cover\" srcset=\"https:\/\/www.terre-art-argile.org\/wp-content\/uploads\/2025\/01\/La_Poterie_2020-1.jpg 1088w, https:\/\/www.terre-art-argile.org\/wp-content\/uploads\/2025\/01\/La_Poterie_2020-1-300x140.jpg 300w, https:\/\/www.terre-art-argile.org\/wp-content\/uploads\/2025\/01\/La_Poterie_2020-1-1024x476.jpg 1024w, https:\/\/www.terre-art-argile.org\/wp-content\/uploads\/2025\/01\/La_Poterie_2020-1-768x357.jpg 768w\" sizes=\"auto, (max-width: 1088px) 100vw, 1088px\" \/><\/figure>\n<\/div>\n\n\n\n<div class=\"wp-block-column is-vertically-aligned-center is-layout-flow wp-block-column-is-layout-flow\" style=\"flex-basis:40%\">\n<h2 class=\"wp-block-heading\">Les statuts de l&rsquo;association<\/h2>\n\n\n\n<p>La derni\u00e8re Assembl\u00e9e g\u00e9n\u00e9rale de L&rsquo;association Terre d&rsquo;Art et d&rsquo;Argile s&rsquo;est tenue au 92 avenue de la poterie \u00e0 Gradignan le mercredi 11 d\u00e9cembre 2024.<\/p>\n\n\n\n<div class=\"wp-block-buttons is-layout-flex wp-block-buttons-is-layout-flex\">\n<div class=\"wp-block-button\"><a class=\"wp-block-button__link wp-element-button\" href=\"https:\/\/www.terre-art-argile.org\/wp-content\/uploads\/2025\/05\/Statuts.pdf\" target=\"_blank\" rel=\"noreferrer noopener\">Les statuts&#8230;<\/a><\/div>\n<\/div>\n<\/div>\n<\/div>\n<\/div>\n","protected":false},"excerpt":{"rendered":"<p>L\u2019association \u00abTerre d\u2019art et d\u2019argile\u00bb est install\u00e9e \u00e0 la Poterie depuis 2010, faisant de ce lieu un centre artistique et culturel bien vivant. L&rsquo;association a pour objet de promouvoir les arts de la terre et du feu par des expositions et des ateliers de pratique, dans un climat amical et familial, de convivialit\u00e9 et de [&hellip;]<\/p>\n","protected":false},"author":1,"featured_media":131,"parent":0,"menu_order":0,"comment_status":"closed","ping_status":"closed","template":"","meta":{"footnotes":""},"class_list":["post-90","page","type-page","status-publish","has-post-thumbnail","hentry"],"_links":{"self":[{"href":"https:\/\/www.terre-art-argile.org\/index.php\/wp-json\/wp\/v2\/pages\/90","targetHints":{"allow":["GET"]}}],"collection":[{"href":"https:\/\/www.terre-art-argile.org\/index.php\/wp-json\/wp\/v2\/pages"}],"about":[{"href":"https:\/\/www.terre-art-argile.org\/index.php\/wp-json\/wp\/v2\/types\/page"}],"author":[{"embeddable":true,"href":"https:\/\/www.terre-art-argile.org\/index.php\/wp-json\/wp\/v2\/users\/1"}],"replies":[{"embeddable":true,"href":"https:\/\/www.terre-art-argile.org\/index.php\/wp-json\/wp\/v2\/comments?post=90"}],"version-history":[{"count":17,"href":"https:\/\/www.terre-art-argile.org\/index.php\/wp-json\/wp\/v2\/pages\/90\/revisions"}],"predecessor-version":[{"id":1038,"href":"https:\/\/www.terre-art-argile.org\/index.php\/wp-json\/wp\/v2\/pages\/90\/revisions\/1038"}],"wp:featuredmedia":[{"embeddable":true,"href":"https:\/\/www.terre-art-argile.org\/index.php\/wp-json\/wp\/v2\/media\/131"}],"wp:attachment":[{"href":"https:\/\/www.terre-art-argile.org\/index.php\/wp-json\/wp\/v2\/media?parent=90"}],"curies":[{"name":"wp","href":"https:\/\/api.w.org\/{rel}","templated":true}]}}

<p class="has-text-align-center">L’association «Terre d’art et d’argile» est installée à la Poterie depuis 2010, <br>faisant de ce lieu un centre artistique et culturel bien vivant.</p>



<div class="wp-block-group alignfull has-global-padding is-layout-constrained wp-container-core-group-is-layout-aff63992 wp-block-group-is-layout-constrained" style="margin-top:0;margin-bottom:0;padding-top:0;padding-right:var(--wp--preset--spacing--50);padding-bottom:0;padding-left:var(--wp--preset--spacing--50)">
<div class="wp-block-group is-vertical is-content-justification-center is-layout-flex wp-container-core-group-is-layout-ce155fab wp-block-group-is-layout-flex">
<p class="has-text-align-center">L&rsquo;association a pour objet de promouvoir les arts de la terre et du feu par des expositions et des ateliers de pratique, dans un climat amical et familial, de convivialité et de partage.</p>
</div>



<div style="height:var(--wp--preset--spacing--30)" aria-hidden="true" class="wp-block-spacer"></div>



<h2 class="wp-block-heading has-text-align-center has-x-large-font-size">Les membres du bureau</h2>



<div class="wp-block-columns alignwide is-layout-flex wp-container-core-columns-is-layout-4935966c wp-block-columns-is-layout-flex" style="padding-right:0;padding-left:0">
<div class="wp-block-column is-layout-flow wp-block-column-is-layout-flow">
<figure class="wp-block-image aligncenter size-full is-style-rounded wp-duotone-unset-2 is-style-rounded--1"><img loading="lazy" decoding="async" width="140" height="140" src="https://www.terre-art-argile.org/wp-content/uploads/2025/01/Eva-denis-3.jpg" alt="" class="wp-image-305" style="aspect-ratio:1;object-fit:cover"/></figure>



<div class="wp-block-group is-vertical is-content-justification-center is-nowrap is-layout-flex wp-container-core-group-is-layout-21d4e958 wp-block-group-is-layout-flex">
<p class="has-text-align-center has-small-font-size"><strong>Eva Denis</strong></p>



<p class="has-text-align-center has-small-font-size">Présidente, <br>Directrice par intérim</p>
</div>
</div>



<div class="wp-block-column is-layout-flow wp-block-column-is-layout-flow">
<figure class="wp-block-image aligncenter size-full is-style-rounded wp-duotone-unset-4 is-style-rounded--3"><img loading="lazy" decoding="async" width="140" height="140" src="https://www.terre-art-argile.org/wp-content/uploads/2025/01/Daniel-Vignolles-1.jpg" alt="" class="wp-image-301" style="aspect-ratio:1;object-fit:cover"/></figure>



<div class="wp-block-group is-vertical is-content-justification-center is-nowrap is-layout-flex wp-container-core-group-is-layout-21d4e958 wp-block-group-is-layout-flex">
<p class="has-text-align-center has-small-font-size"><strong>Daniel Vignolles</strong></p>



<p class="has-text-align-center has-small-font-size">Trésorier</p>
</div>
</div>



<div class="wp-block-column is-layout-flow wp-block-column-is-layout-flow">
<figure class="wp-block-image aligncenter size-full is-style-rounded wp-duotone-unset-6 is-style-rounded--5"><img loading="lazy" decoding="async" width="140" height="140" src="https://www.terre-art-argile.org/wp-content/uploads/2025/01/Candice-denis-1.jpg" alt="" class="wp-image-529" style="aspect-ratio:1;object-fit:cover"/></figure>



<div class="wp-block-group is-vertical is-content-justification-center is-nowrap is-layout-flex wp-container-core-group-is-layout-21d4e958 wp-block-group-is-layout-flex">
<p class="has-text-align-center has-small-font-size"><strong>Candice Denis</strong></p>



<p class="has-text-align-center has-small-font-size">Secrétaire</p>
</div>
</div>



<div class="wp-block-column is-layout-flow wp-block-column-is-layout-flow">
<figure class="wp-block-image aligncenter size-full is-style-rounded wp-duotone-unset-8 is-style-rounded--7"><img loading="lazy" decoding="async" width="140" height="140" src="https://www.terre-art-argile.org/wp-content/uploads/2025/01/ALain-Denis-2.jpg" alt="" class="wp-image-306" style="aspect-ratio:1;object-fit:cover"/></figure>



<div class="wp-block-group is-vertical is-content-justification-center is-nowrap is-layout-flex wp-container-core-group-is-layout-63bfd6c1 wp-block-group-is-layout-flex">
<p class="has-text-align-center has-small-font-size"><strong>Alain Denis</strong></p>



<p class="has-text-align-center has-small-font-size">Directeur</p>
</div>
</div>



<div class="wp-block-column is-layout-flow wp-block-column-is-layout-flow">
<figure class="wp-block-image aligncenter size-full is-style-rounded wp-duotone-unset-10 is-style-rounded--9"><img loading="lazy" decoding="async" width="140" height="140" src="https://www.terre-art-argile.org/wp-content/uploads/2025/01/bernard-bouvet2.jpg" alt="" class="wp-image-530" style="aspect-ratio:1;object-fit:cover"/></figure>



<div class="wp-block-group is-vertical is-content-justification-center is-nowrap is-layout-flex wp-container-core-group-is-layout-21d4e958 wp-block-group-is-layout-flex">
<p class="has-text-align-center has-small-font-size"><strong>Bernard Bouvet</strong></p>



<p class="has-text-align-center has-small-font-size">Trésorier adjoint</p>
</div>
</div>



<div class="wp-block-column is-layout-flow wp-block-column-is-layout-flow">
<figure class="wp-block-image aligncenter size-full is-style-rounded wp-duotone-unset-12 is-style-rounded--11"><img loading="lazy" decoding="async" width="140" height="140" src="https://www.terre-art-argile.org/wp-content/uploads/2025/01/Cathy-Figueroas-2.jpg" alt="" class="wp-image-304" style="aspect-ratio:1;object-fit:cover"/></figure>



<div class="wp-block-group is-vertical is-content-justification-center is-nowrap is-layout-flex wp-container-core-group-is-layout-63bfd6c1 wp-block-group-is-layout-flex">
<p class="has-text-align-center has-small-font-size"><strong>Cathy Morin</strong></p>



<p class="has-text-align-center has-small-font-size">Commissaire d&rsquo;Expositions</p>
</div>
</div>
</div>
</div>



<div class="wp-block-group alignfull has-accent-5-background-color has-background has-global-padding is-layout-constrained wp-container-core-group-is-layout-d89aad35 wp-block-group-is-layout-constrained" style="margin-top:0;margin-bottom:0;padding-top:var(--wp--preset--spacing--50);padding-right:var(--wp--preset--spacing--50);padding-bottom:var(--wp--preset--spacing--50);padding-left:var(--wp--preset--spacing--50)">
<div class="wp-block-columns alignwide is-layout-flex wp-container-core-columns-is-layout-1da03c2a wp-block-columns-is-layout-flex">
<div class="wp-block-column is-vertically-aligned-bottom is-layout-flow wp-block-column-is-layout-flow" style="flex-basis:60%">
<figure class="wp-block-image size-full is-style-rounded wp-duotone-unset-14 is-style-rounded--13"><img loading="lazy" decoding="async" width="1088" height="506" src="https://www.terre-art-argile.org/wp-content/uploads/2025/01/La_Poterie_2020-1.jpg" alt="" class="wp-image-119" style="aspect-ratio:16/9;object-fit:cover" srcset="https://www.terre-art-argile.org/wp-content/uploads/2025/01/La_Poterie_2020-1.jpg 1088w, https://www.terre-art-argile.org/wp-content/uploads/2025/01/La_Poterie_2020-1-300x140.jpg 300w, https://www.terre-art-argile.org/wp-content/uploads/2025/01/La_Poterie_2020-1-1024x476.jpg 1024w, https://www.terre-art-argile.org/wp-content/uploads/2025/01/La_Poterie_2020-1-768x357.jpg 768w" sizes="auto, (max-width: 1088px) 100vw, 1088px" /></figure>
</div>



<div class="wp-block-column is-vertically-aligned-center is-layout-flow wp-block-column-is-layout-flow" style="flex-basis:40%">
<h2 class="wp-block-heading">Les statuts de l&rsquo;association</h2>



<p>La dernière Assemblée générale de L&rsquo;association Terre d&rsquo;Art et d&rsquo;Argile s&rsquo;est tenue au 92 avenue de la poterie à Gradignan le mercredi 11 décembre 2024.</p>



<div class="wp-block-buttons is-layout-flex wp-block-buttons-is-layout-flex">
<div class="wp-block-button"><a class="wp-block-button__link wp-element-button" href="https://www.terre-art-argile.org/wp-content/uploads/2025/05/Statuts.pdf" target="_blank" rel="noreferrer noopener">Les statuts&#8230;</a></div>
</div>
</div>
</div>
</div>

<p>L’association «Terre d’art et d’argile» est installée à la Poterie depuis 2010, faisant de ce lieu un centre artistique et culturel bien vivant. L&rsquo;association a pour objet de promouvoir les arts de la terre et du feu par des expositions et des ateliers de pratique, dans un climat amical et familial, de convivialité et de [&hellip;]</p>
